units digit of z?
3
Let z(q) = q**2 - 9*q + 8. Let k be z(8). Suppose k = -17*f - 1392 + 4401. What is the tens digit of f?
7
What is the units digit of (5005/10 - 4) + (-4)/(-8)?
7
Suppose 4*p - 17 = -2*j - 1, 0 = 5*p + 2*j - 18. Suppose -p*w = -1 - 3. Let m = 21 - w. What is the units digit of m?
9
Let k = 711 + -326. What is the hundreds digit of k?
3
Let a(b) = -4*b - 12. Let k be (-1)/((-129)/(-42) + -3). What is the units digit of a(k)?
4
Suppose -3*o - 3*u = -7*u + 36, 4*o = 3*u - 41. Let i(r) = 2*r + 18. Let w be i(o). Suppose 0 = w*v - v - 37. What is the tens digit of v?
3
What is the units digit of (-43*140)/(-7) - 3?
7
Let k be (-28)/3*(-6 - -12). Let s = 111 + k. What is the tens digit of s?
5
Let i(x) = -2*x + 17. Let u be i(9). Let m = u - -2. What is the units digit of 10/25*25*m?
0
Suppose -31*q - 172 = -33*q. Let f = q + -76. What is the units digit of f?
0
What is the units digit of ((-39)/12)/((-12)/768)?
8
Let h = -8 + 6. Let z be 3 - h*2/(-4). What is the units digit of 1/((-3)/(z - 11))?
3
Let p be 0 + ((-2820)/(-4) - -3). Let r = -464 + p. What is the hundreds digit of r?
2
What is the tens digit of 3904/(-48)*(-5 - -2)?
4
Suppose 22*x - 7556 - 6854 = 0. What is the hundreds digit of x?
6
Suppose -2*z + 340 = -4*j, 2*j + 18 = 3*z - 488. What is the hundreds digit of z?
1
Suppose 1274 = -8*q - 5*q. Let i = q - -148. What is the tens digit of i?
5
What is the units digit of -1 + (-161 + 4)*-1*2?
3
Let h be (-3)/(-5) + (-186)/(-15). Suppose 2*k + h = 39. Suppose 74 - 9 = 5*b - 2*j, -5*j = b - k. What is the tens digit of b?
1
Suppose -359 = -7*f - 9. What is the units digit of f?
0
Suppose 4*x - x - 1056 = -4*m, -5*m + x + 1301 = 0. What is the hundreds digit of m?
2
Let a(t) = t**2 - 12*t + 5. Let k be a(5). Let q = k - -17. Let d = q - -15. What is the units digit of d?
2
Let f = 161 - 153. Suppose -f*g - 114 = -1618. What is the hundreds digit of g?
1
Let g = 558 + -269. What is the tens digit of g?
8
What is the hundreds digit of (380/133)/(2/385) - 3?
5
Let p = -230 - -99. Let x = p - -189. What is the tens digit of x?
5
Suppose -6*m + 72 = 6*m. Suppose 0 = -5*f - 4*l + 467 - 84, -m = -3*l. What is the units digit of f?
5
Let f be 92/16 + (-2)/(-8). Suppose -86 = -3*m + 5*w - f*w, -3*m = 5*w - 82. What is the units digit of m?
9
Let a(o) = -21*o - 13. Let j be a(17). What is the units digit of j/(-15) - 0 - (-4)/(-6)?
4
Let w(l) = l**3 + 6*l**2 + 7*l + 8. Let x be w(-8). Let y = -82 - x. Suppose 4*b = 34 + y. What is the units digit of b?
2
Suppose v = -2*p - 4 + 10, -2*v - 5*p + 16 = 0. What is the units digit of -3 - (2 + -39 + v)?
6
Let c(r) = 2*r - 2*r + 24 + 12*r - 2*r. What is the tens digit of c(7)?
9
Let u = -42 + 22. Let m be ((-2)/(-4))/((-10)/u). What is the units digit of 22 + 0 + m + -1?
2
What is the units digit of (-26)/(2442*5/(-1525) + 8)?
5
Suppose 118 = 2*i + 5*n, 0*i - n = -4*i + 192. Suppose i*x = 50*x - 118. What is the units digit of x?
8
Suppose 2*n + 2*f - 4180 = 0, 6294 = 3*n - 13*f + 8*f. What is the thousands digit of n?
2
Let r(m) = 12*m**2 - 4*m**2 - 108 + 116 - 4*m. What is the hundreds digit of r(4)?
1
What is the units digit of (-18)/(-12)*1612/39?
2
What is the units digit of ((-9)/(-27))/(2/8964)?
4
Let a be ((-2)/(-1) + 3)/((-4)/(-28)). What is the tens digit of (-10)/a - (-942)/14?
6
Let f(x) be the second derivative of x**4/12 + 5*x**3/6 - x. Suppose 0 = 5*j + 10, 2*j = -5*t - 11 - 23. What is the units digit of f(t)?
6
Let k(l) = 335*l + 149. What is the hundreds digit of k(5)?
8
Suppose -2*f + c - 1 = -4*f, f = -5*c + 5. Suppose f = -3*u - 3*b - 0*b + 330, -3*b = -3*u + 312. What is the tens digit of u?
0
What is the tens digit of (-168)/(0 + (-10)/15)?
5
Let c be 38995/(-30) + (-3 - (-51)/18). What is the tens digit of c/(-15) - 3*(-4)/(-18)?
8
Let f = -76 - -110. Suppose 3*n - 31 - f = -s, 0 = -4*s - 4*n + 276. What is the units digit of s?
1
Let u be (1 - 11)*1/2. Let a(z) = -2*z + 11. Let p(n) = 4*n - 19. Let f(q) = -11*a(q) - 6*p(q). What is the units digit of f(u)?
3
Let w be 6/(-27) - (-502)/(-9). Let t = 108 + w. What is the tens digit of t?
5
Let j be (-24)/16*(0 + (-2)/(-3)). Suppose 8 = 3*z + s, 3*z + 5*s = -2*z. Let n = j + z. What is the units digit of n?
3
Let n(b) = -b**2 + 6*b + 3. Let a be n(5). Let c(u) = 42 + 0*u - u - a. What is the units digit of c(0)?
4
Let p(k) = -k**3 + 195. Let q be p(0). Let z be (4/6)/(26/q). Suppose 2*l - 52 = 2*a, -1 = 2*a + z. What is the units digit of l?
3
Suppose 1450 = n + 4*o, 2*o + 22 - 16 = 0. What is the tens digit of n?
6
Let a = -11 - -19. Suppose 25 = -3*m + a*m. Suppose -3*b - 4*i + 47 = 0, 0 = -m*b - 5*i + 60 + 10. What is the units digit of b?
9
Suppose 3*s + 14*s = 6834. What is the tens digit of s?
0
Suppose 6*x = 2 + 10. What is the tens digit of (1/x)/(11/1826)?
8
Let v(y) = 270*y**3 + 3*y**2 - 2*y. What is the tens digit of v(1)?
7
Let o = 1077 - 284. What is the hundreds digit of o?
7
Let m = 2307 + -1412. What is the hundreds digit of m?
8
Let y = 21 - 19. Suppose y*t - 123 = -7. What is the units digit of t?
8
Let x(k) = -k**3 + 12*k**2 + 13*k + 5. Let z be x(13). Suppose z*n - 98 = -u, -48 = -n - 2*n + 3*u. Let y = -13 + n. What is the units digit of y?
6
Suppose 11*v - 35340 = 20386. What is the units digit of v?
6
Let w(f) = f**3 + 47*f**2 + 52*f - 65. What is the units digit of w(-45)?
5
Let s(b) be the first derivative of -11*b**2/2 - 21*b - 10. What is the units digit of s(-8)?
7
Let a be 0 + (-1)/(-2)*2. What is the tens digit of 228/(a + 3) - -4?
6
Let n = 457 - 189. What is the hundreds digit of n?
2
Suppose 4546 = 2*a - d, -4546 = -2*a - 42*d + 44*d. What is the units digit of a?
3
Let y(d) = -d + d**3 + 6*d**2 - 6*d + 0*d**3. Let g be y(-7). Let k(c) = -c**2 + 18. What is the units digit of k(g)?
8
Let u(r) = r**3 - 4*r**2 + 3*r + 3. Let j be u(5). Let s = j + -71. What is the units digit of 2/(-7) + (-428)/s?
5
Suppose -30 + 38 = -u. Let l(c) = -15*c - 35. What is the tens digit of l(u)?
8
What is the tens digit of (-1626 + 4)/((-10)/(6 + -1))?
1
What is the units digit of 8385/52 + 3/4?
2
Suppose 2*a + 1 = -3. Let d be -73 - (0 - 3 - a). What is the tens digit of 1/((-75)/d + -1)?
2
Let m be (-2)/11 + 0 + (-18409)/451. Let v = 53 + m. What is the tens digit of v?
1
Let v(q) = q**2 - 8*q - 6. Let c = 31 - 22. Let s be v(c). Let n = 3 + s. What is the units digit of n?
6
Let r(n) = n**2 + 10*n - 27. Let b be r(-12). What is the hundreds digit of 122 - (-2 - 2 - b)?
1
Let h(n) = 70*n**2 + 8*n - 24. What is the tens digit of h(4)?
2
Let y(z) = 2*z - 11. Let c be y(8). Suppose 2*g - 16 = -d - d, d = 2*g - 1. Suppose 0 = 3*r - 15, 4*r = -c*m + d*r + 165. What is the tens digit of m?
3
Suppose -f + 0*f + 3 = 0. Suppose 27*z - 17*z - 1010 = 0. Suppose -o + 11 = 4*m, z = 4*o - 6*m + f*m. What is the units digit of o?
3
Let m(p) = 3*p + 22. Let f(i) = -2*i - 15. Let u(q) = 7*f(q) + 5*m(q). Let h be u(-5). Let b = 6 + h. What is the units digit of b?
6
Suppose 6*v = 3*v + 1071. What is the tens digit of v?
5
Suppose -a + 4*r - 3*r = 0, -a + 2*r = 2. What is the units digit of -4 + (-9)/(-3) + a - -9?
0
Let t be 2/7 + 194/7. What is the units digit of 7/t + 0 + (-270)/(-8)?
4
Suppose 82786 = 111*h - 256208. What is the tens digit of h?
5
Suppose 4*v = 3*p - 933, 2*p + 186 = -v + 797. What is the units digit of p?
7
Let c(q) be the first derivative of -13*q**2/2 - 9*q + 7. What is the units digit of c(-5)?
6
Suppose -k + 3*k = -2*z, -4*z - 2*k = 0. Suppose -s + 3*v = 3*s - 574, -2*s - 2*v + 280 = z. What is the tens digit of s?
4
Let v = -26 - -31. Suppose 5*a - v*k - 355 = -3*k, 0 = k. What is the units digit of a?
1
What is the tens digit of (2 - 335)*((-63)/27 + 0)?
7
Suppose -4*t = 5*o + 13510, -4*t + 9*t = 0. Let h be o/(-182) - 2/(-13). Suppose d - h = 11. What is the units digit of d?
6
Let v be ((-176)/(-10))/(6/30). Suppose 5*f + 2*d - v = -1, -4*d = f - 3. Let h = f - 15. What is the units digit of h?
4
Let q = -3 - -8. Let g be ((-3)/q)/(17/(-935)). Suppose -5*f + 3*i = -244, 0 = -2*f - i + 124 - g. What is the units digit of f?
7
Suppose -4*u + 3716 = -3*x - 1255, u - 4*x = 1246. What is the units digit of u?
2
What is the tens digit of (147708/8)/33 - 1/2?
5
What is the tens digit of 287 - (-6